{"id":7128,"date":"2025-02-01T17:35:32","date_gmt":"2025-02-01T17:35:32","guid":{"rendered":"https:\/\/ademascarel.fr\/?post_type=product&#038;p=7128"},"modified":"2025-09-10T15:42:53","modified_gmt":"2025-09-10T15:42:53","slug":"c-heritage-felicie","status":"publish","type":"product","link":"https:\/\/ademascarel.fr\/index.php\/product\/c-heritage-felicie\/","title":{"rendered":"CF &#8211; Gemmes J&rsquo;aime \/ Blanche"},"content":{"rendered":"","protected":false},"excerpt":{"rendered":"<p>Collier ras du cou compos\u00e9 de perles plates ovales en nacre teint\u00e9e, de petits cubes en lapis lazuli et petites perles en verre de boh\u00e8me \u00e0 facettes, coloris cuivre.<\/p>\n<p>Fermoir mousqueton m\u00e9tal cuivr\u00e9<\/p>\n<p>Perle ovale 25 x 18 mm \u00a0&#8211; Cube lapis lazuli 5 x 5 mm<\/p>\n","protected":false},"featured_media":5330,"template":"","meta":[],"product_brand":[],"product_cat":[666,668],"product_tag":[687,686],"class_list":{"0":"post-7128","1":"product","2":"type-product","3":"status-publish","4":"has-post-thumbnail","6":"product_cat-colliers-2","7":"product_cat-gemmes-jaime","8":"product_tag-colliers","9":"product_tag-femme","11":"first","12":"instock","13":"shipping-taxable","14":"purchasable","15":"product-type-simple"},"yoast_head":"<!-- This site is optimized with the Yoast SEO plugin v27.5 - https:\/\/yoast.com\/product\/yoast-seo-wordpress\/ -->\n<title>CF - Gemmes J&#039;aime \/ Blanche &#8211; Anne de Mascarel<\/title>\n<meta name=\"robots\" content=\"index, follow, max-snippet:-1, max-image-preview:large, max-video-preview:-1\" \/>\n<link rel=\"canonical\" href=\"https:\/\/ademascarel.fr\/index.php\/product\/c-heritage-felicie\/\" \/>\n<meta property=\"og:locale\" content=\"fr_FR\" \/>\n<meta property=\"og:type\" content=\"article\" \/>\n<meta property=\"og:title\" content=\"CF - Gemmes J&#039;aime \/ Blanche &#8211; Anne de Mascarel\" \/>\n<meta property=\"og:description\" content=\"Collier ras du cou compos\u00e9 de perles plates ovales en nacre teint\u00e9e, de petits cubes en lapis lazuli et petites perles en verre de boh\u00e8me \u00e0 facettes, coloris cuivre.  Fermoir mousqueton m\u00e9tal cuivr\u00e9  Perle ovale 25 x 18 mm \u00a0- Cube lapis lazuli 5 x 5 mm\" \/>\n<meta property=\"og:url\" content=\"https:\/\/ademascarel.fr\/index.php\/product\/c-heritage-felicie\/\" \/>\n<meta property=\"og:site_name\" content=\"Anne de Mascarel\" \/>\n<meta property=\"article:publisher\" content=\"https:\/\/www.facebook.com\/ademascarel\/\" \/>\n<meta property=\"article:modified_time\" content=\"2025-09-10T15:42:53+00:00\" \/>\n<meta property=\"og:image\" content=\"https:\/\/ademascarel.fr\/wp-content\/uploads\/2021\/12\/IMG_20211122_180134-scaled-e1638696521195.jpg\" \/>\n\t<meta property=\"og:image:width\" content=\"1920\" \/>\n\t<meta property=\"og:image:height\" content=\"2560\" \/>\n\t<meta property=\"og:image:type\" content=\"image\/jpeg\" \/>\n<meta name=\"twitter:card\" content=\"summary_large_image\" \/>\n<meta name=\"twitter:label1\" content=\"Dur\u00e9e de lecture estim\u00e9e\" \/>\n\t<meta name=\"twitter:data1\" content=\"1 minute\" \/>\n<script type=\"application\/ld+json\" class=\"yoast-schema-graph\">{\"@context\":\"https:\\\/\\\/schema.org\",\"@graph\":[{\"@type\":\"WebPage\",\"@id\":\"https:\\\/\\\/ademascarel.fr\\\/index.php\\\/product\\\/c-heritage-felicie\\\/\",\"url\":\"https:\\\/\\\/ademascarel.fr\\\/index.php\\\/product\\\/c-heritage-felicie\\\/\",\"name\":\"CF - Gemmes J'aime \\\/ Blanche &#8211; Anne de Mascarel\",\"isPartOf\":{\"@id\":\"https:\\\/\\\/ademascarel.fr\\\/#website\"},\"primaryImageOfPage\":{\"@id\":\"https:\\\/\\\/ademascarel.fr\\\/index.php\\\/product\\\/c-heritage-felicie\\\/#primaryimage\"},\"image\":{\"@id\":\"https:\\\/\\\/ademascarel.fr\\\/index.php\\\/product\\\/c-heritage-felicie\\\/#primaryimage\"},\"thumbnailUrl\":\"https:\\\/\\\/ademascarel.fr\\\/wp-content\\\/uploads\\\/2021\\\/12\\\/IMG_20211122_180134-scaled-e1638696521195.jpg\",\"datePublished\":\"2025-02-01T17:35:32+00:00\",\"dateModified\":\"2025-09-10T15:42:53+00:00\",\"breadcrumb\":{\"@id\":\"https:\\\/\\\/ademascarel.fr\\\/index.php\\\/product\\\/c-heritage-felicie\\\/#breadcrumb\"},\"inLanguage\":\"fr-FR\",\"potentialAction\":[{\"@type\":\"ReadAction\",\"target\":[\"https:\\\/\\\/ademascarel.fr\\\/index.php\\\/product\\\/c-heritage-felicie\\\/\"]}]},{\"@type\":\"ImageObject\",\"inLanguage\":\"fr-FR\",\"@id\":\"https:\\\/\\\/ademascarel.fr\\\/index.php\\\/product\\\/c-heritage-felicie\\\/#primaryimage\",\"url\":\"https:\\\/\\\/ademascarel.fr\\\/wp-content\\\/uploads\\\/2021\\\/12\\\/IMG_20211122_180134-scaled-e1638696521195.jpg\",\"contentUrl\":\"https:\\\/\\\/ademascarel.fr\\\/wp-content\\\/uploads\\\/2021\\\/12\\\/IMG_20211122_180134-scaled-e1638696521195.jpg\",\"width\":1920,\"height\":2560},{\"@type\":\"BreadcrumbList\",\"@id\":\"https:\\\/\\\/ademascarel.fr\\\/index.php\\\/product\\\/c-heritage-felicie\\\/#breadcrumb\",\"itemListElement\":[{\"@type\":\"ListItem\",\"position\":1,\"name\":\"Accueil\",\"item\":\"https:\\\/\\\/ademascarel.fr\\\/\"},{\"@type\":\"ListItem\",\"position\":2,\"name\":\"Shop\",\"item\":\"https:\\\/\\\/ademascarel.fr\\\/index.php\\\/shop-tout\\\/\"},{\"@type\":\"ListItem\",\"position\":3,\"name\":\"CF &#8211; Gemmes J&rsquo;aime \\\/ Blanche\"}]},{\"@type\":\"WebSite\",\"@id\":\"https:\\\/\\\/ademascarel.fr\\\/#website\",\"url\":\"https:\\\/\\\/ademascarel.fr\\\/\",\"name\":\"Anne-de-Mascarel\",\"description\":\"B I J O U X\",\"publisher\":{\"@id\":\"https:\\\/\\\/ademascarel.fr\\\/#organization\"},\"potentialAction\":[{\"@type\":\"SearchAction\",\"target\":{\"@type\":\"EntryPoint\",\"urlTemplate\":\"https:\\\/\\\/ademascarel.fr\\\/?s={search_term_string}\"},\"query-input\":{\"@type\":\"PropertyValueSpecification\",\"valueRequired\":true,\"valueName\":\"search_term_string\"}}],\"inLanguage\":\"fr-FR\"},{\"@type\":\"Organization\",\"@id\":\"https:\\\/\\\/ademascarel.fr\\\/#organization\",\"name\":\"Anne de Mascarel\",\"url\":\"https:\\\/\\\/ademascarel.fr\\\/\",\"logo\":{\"@type\":\"ImageObject\",\"inLanguage\":\"fr-FR\",\"@id\":\"https:\\\/\\\/ademascarel.fr\\\/#\\\/schema\\\/logo\\\/image\\\/\",\"url\":\"http:\\\/\\\/ademascarel.fr\\\/wp-content\\\/uploads\\\/2021\\\/02\\\/cropped-Screenshot-2021-02-01-at-19.09.26.png\",\"contentUrl\":\"http:\\\/\\\/ademascarel.fr\\\/wp-content\\\/uploads\\\/2021\\\/02\\\/cropped-Screenshot-2021-02-01-at-19.09.26.png\",\"width\":512,\"height\":512,\"caption\":\"Anne de Mascarel\"},\"image\":{\"@id\":\"https:\\\/\\\/ademascarel.fr\\\/#\\\/schema\\\/logo\\\/image\\\/\"},\"sameAs\":[\"https:\\\/\\\/www.facebook.com\\\/ademascarel\\\/\",\"https:\\\/\\\/www.instagram.com\\\/ademascarel\\\/\"]}]}<\/script>\n<!-- \/ Yoast SEO plugin. -->","yoast_head_json":{"title":"CF - Gemmes J'aime \/ Blanche &#8211; Anne de Mascarel","robots":{"index":"index","follow":"follow","max-snippet":"max-snippet:-1","max-image-preview":"max-image-preview:large","max-video-preview":"max-video-preview:-1"},"canonical":"https:\/\/ademascarel.fr\/index.php\/product\/c-heritage-felicie\/","og_locale":"fr_FR","og_type":"article","og_title":"CF - Gemmes J'aime \/ Blanche &#8211; Anne de Mascarel","og_description":"Collier ras du cou compos\u00e9 de perles plates ovales en nacre teint\u00e9e, de petits cubes en lapis lazuli et petites perles en verre de boh\u00e8me \u00e0 facettes, coloris cuivre.  Fermoir mousqueton m\u00e9tal cuivr\u00e9  Perle ovale 25 x 18 mm \u00a0- Cube lapis lazuli 5 x 5 mm","og_url":"https:\/\/ademascarel.fr\/index.php\/product\/c-heritage-felicie\/","og_site_name":"Anne de Mascarel","article_publisher":"https:\/\/www.facebook.com\/ademascarel\/","article_modified_time":"2025-09-10T15:42:53+00:00","og_image":[{"width":1920,"height":2560,"url":"https:\/\/ademascarel.fr\/wp-content\/uploads\/2021\/12\/IMG_20211122_180134-scaled-e1638696521195.jpg","type":"image\/jpeg"}],"twitter_card":"summary_large_image","twitter_misc":{"Dur\u00e9e de lecture estim\u00e9e":"1 minute"},"schema":{"@context":"https:\/\/schema.org","@graph":[{"@type":"WebPage","@id":"https:\/\/ademascarel.fr\/index.php\/product\/c-heritage-felicie\/","url":"https:\/\/ademascarel.fr\/index.php\/product\/c-heritage-felicie\/","name":"CF - Gemmes J'aime \/ Blanche &#8211; Anne de Mascarel","isPartOf":{"@id":"https:\/\/ademascarel.fr\/#website"},"primaryImageOfPage":{"@id":"https:\/\/ademascarel.fr\/index.php\/product\/c-heritage-felicie\/#primaryimage"},"image":{"@id":"https:\/\/ademascarel.fr\/index.php\/product\/c-heritage-felicie\/#primaryimage"},"thumbnailUrl":"https:\/\/ademascarel.fr\/wp-content\/uploads\/2021\/12\/IMG_20211122_180134-scaled-e1638696521195.jpg","datePublished":"2025-02-01T17:35:32+00:00","dateModified":"2025-09-10T15:42:53+00:00","breadcrumb":{"@id":"https:\/\/ademascarel.fr\/index.php\/product\/c-heritage-felicie\/#breadcrumb"},"inLanguage":"fr-FR","potentialAction":[{"@type":"ReadAction","target":["https:\/\/ademascarel.fr\/index.php\/product\/c-heritage-felicie\/"]}]},{"@type":"ImageObject","inLanguage":"fr-FR","@id":"https:\/\/ademascarel.fr\/index.php\/product\/c-heritage-felicie\/#primaryimage","url":"https:\/\/ademascarel.fr\/wp-content\/uploads\/2021\/12\/IMG_20211122_180134-scaled-e1638696521195.jpg","contentUrl":"https:\/\/ademascarel.fr\/wp-content\/uploads\/2021\/12\/IMG_20211122_180134-scaled-e1638696521195.jpg","width":1920,"height":2560},{"@type":"BreadcrumbList","@id":"https:\/\/ademascarel.fr\/index.php\/product\/c-heritage-felicie\/#breadcrumb","itemListElement":[{"@type":"ListItem","position":1,"name":"Accueil","item":"https:\/\/ademascarel.fr\/"},{"@type":"ListItem","position":2,"name":"Shop","item":"https:\/\/ademascarel.fr\/index.php\/shop-tout\/"},{"@type":"ListItem","position":3,"name":"CF &#8211; Gemmes J&rsquo;aime \/ Blanche"}]},{"@type":"WebSite","@id":"https:\/\/ademascarel.fr\/#website","url":"https:\/\/ademascarel.fr\/","name":"Anne-de-Mascarel","description":"B I J O U X","publisher":{"@id":"https:\/\/ademascarel.fr\/#organization"},"potentialAction":[{"@type":"SearchAction","target":{"@type":"EntryPoint","urlTemplate":"https:\/\/ademascarel.fr\/?s={search_term_string}"},"query-input":{"@type":"PropertyValueSpecification","valueRequired":true,"valueName":"search_term_string"}}],"inLanguage":"fr-FR"},{"@type":"Organization","@id":"https:\/\/ademascarel.fr\/#organization","name":"Anne de Mascarel","url":"https:\/\/ademascarel.fr\/","logo":{"@type":"ImageObject","inLanguage":"fr-FR","@id":"https:\/\/ademascarel.fr\/#\/schema\/logo\/image\/","url":"http:\/\/ademascarel.fr\/wp-content\/uploads\/2021\/02\/cropped-Screenshot-2021-02-01-at-19.09.26.png","contentUrl":"http:\/\/ademascarel.fr\/wp-content\/uploads\/2021\/02\/cropped-Screenshot-2021-02-01-at-19.09.26.png","width":512,"height":512,"caption":"Anne de Mascarel"},"image":{"@id":"https:\/\/ademascarel.fr\/#\/schema\/logo\/image\/"},"sameAs":["https:\/\/www.facebook.com\/ademascarel\/","https:\/\/www.instagram.com\/ademascarel\/"]}]}},"_links":{"self":[{"href":"https:\/\/ademascarel.fr\/index.php\/wp-json\/wp\/v2\/product\/7128","targetHints":{"allow":["GET"]}}],"collection":[{"href":"https:\/\/ademascarel.fr\/index.php\/wp-json\/wp\/v2\/product"}],"about":[{"href":"https:\/\/ademascarel.fr\/index.php\/wp-json\/wp\/v2\/types\/product"}],"wp:featuredmedia":[{"embeddable":true,"href":"https:\/\/ademascarel.fr\/index.php\/wp-json\/wp\/v2\/media\/5330"}],"wp:attachment":[{"href":"https:\/\/ademascarel.fr\/index.php\/wp-json\/wp\/v2\/media?parent=7128"}],"wp:term":[{"taxonomy":"product_brand","embeddable":true,"href":"https:\/\/ademascarel.fr\/index.php\/wp-json\/wp\/v2\/product_brand?post=7128"},{"taxonomy":"product_cat","embeddable":true,"href":"https:\/\/ademascarel.fr\/index.php\/wp-json\/wp\/v2\/product_cat?post=7128"},{"taxonomy":"product_tag","embeddable":true,"href":"https:\/\/ademascarel.fr\/index.php\/wp-json\/wp\/v2\/product_tag?post=7128"}],"curies":[{"name":"wp","href":"https:\/\/api.w.org\/{rel}","templated":true}]}}

<p>Collier ras du cou composé de perles plates ovales en nacre teintée, de petits cubes en lapis lazuli et petites perles en verre de bohème à facettes, coloris cuivre.</p>
<p>Fermoir mousqueton métal cuivré</p>
<p>Perle ovale 25 x 18 mm  &#8211; Cube lapis lazuli 5 x 5 mm</p>

<!-- This site is optimized with the Yoast SEO plugin v27.5 - https://yoast.com/product/yoast-seo-wordpress/ -->
<title>CF - Gemmes J&#039;aime / Blanche &#8211; Anne de Mascarel</title>
<meta name="robots" content="index, follow, max-snippet:-1, max-image-preview:large, max-video-preview:-1" />
<link rel="canonical" href="https://ademascarel.fr/index.php/product/c-heritage-felicie/" />
<meta property="og:locale" content="fr_FR" />
<meta property="og:type" content="article" />
<meta property="og:title" content="CF - Gemmes J&#039;aime / Blanche &#8211; Anne de Mascarel" />
<meta property="og:description" content="Collier ras du cou composé de perles plates ovales en nacre teintée, de petits cubes en lapis lazuli et petites perles en verre de bohème à facettes, coloris cuivre.  Fermoir mousqueton métal cuivré  Perle ovale 25 x 18 mm  - Cube lapis lazuli 5 x 5 mm" />
<meta property="og:url" content="https://ademascarel.fr/index.php/product/c-heritage-felicie/" />
<meta property="og:site_name" content="Anne de Mascarel" />
<meta property="article:publisher" content="https://www.facebook.com/ademascarel/" />
<meta property="article:modified_time" content="2025-09-10T15:42:53+00:00" />
<meta property="og:image" content="https://ademascarel.fr/wp-content/uploads/2021/12/IMG_20211122_180134-scaled-e1638696521195.jpg" />
	<meta property="og:image:width" content="1920" />
	<meta property="og:image:height" content="2560" />
	<meta property="og:image:type" content="image/jpeg" />
<meta name="twitter:card" content="summary_large_image" />
<meta name="twitter:label1" content="Durée de lecture estimée" />
	<meta name="twitter:data1" content="1 minute" />
<script type="application/ld+json" class="yoast-schema-graph">{"@context":"https:\/\/schema.org","@graph":[{"@type":"WebPage","@id":"https:\/\/ademascarel.fr\/index.php\/product\/c-heritage-felicie\/","url":"https:\/\/ademascarel.fr\/index.php\/product\/c-heritage-felicie\/","name":"CF - Gemmes J'aime \/ Blanche &#8211; Anne de Mascarel","isPartOf":{"@id":"https:\/\/ademascarel.fr\/#website"},"primaryImageOfPage":{"@id":"https:\/\/ademascarel.fr\/index.php\/product\/c-heritage-felicie\/#primaryimage"},"image":{"@id":"https:\/\/ademascarel.fr\/index.php\/product\/c-heritage-felicie\/#primaryimage"},"thumbnailUrl":"https:\/\/ademascarel.fr\/wp-content\/uploads\/2021\/12\/IMG_20211122_180134-scaled-e1638696521195.jpg","datePublished":"2025-02-01T17:35:32+00:00","dateModified":"2025-09-10T15:42:53+00:00","breadcrumb":{"@id":"https:\/\/ademascarel.fr\/index.php\/product\/c-heritage-felicie\/#breadcrumb"},"inLanguage":"fr-FR","potentialAction":[{"@type":"ReadAction","target":["https:\/\/ademascarel.fr\/index.php\/product\/c-heritage-felicie\/"]}]},{"@type":"ImageObject","inLanguage":"fr-FR","@id":"https:\/\/ademascarel.fr\/index.php\/product\/c-heritage-felicie\/#primaryimage","url":"https:\/\/ademascarel.fr\/wp-content\/uploads\/2021\/12\/IMG_20211122_180134-scaled-e1638696521195.jpg","contentUrl":"https:\/\/ademascarel.fr\/wp-content\/uploads\/2021\/12\/IMG_20211122_180134-scaled-e1638696521195.jpg","width":1920,"height":2560},{"@type":"BreadcrumbList","@id":"https:\/\/ademascarel.fr\/index.php\/product\/c-heritage-felicie\/#breadcrumb","itemListElement":[{"@type":"ListItem","position":1,"name":"Accueil","item":"https:\/\/ademascarel.fr\/"},{"@type":"ListItem","position":2,"name":"Shop","item":"https:\/\/ademascarel.fr\/index.php\/shop-tout\/"},{"@type":"ListItem","position":3,"name":"CF &#8211; Gemmes J&rsquo;aime \/ Blanche"}]},{"@type":"WebSite","@id":"https:\/\/ademascarel.fr\/#website","url":"https:\/\/ademascarel.fr\/","name":"Anne-de-Mascarel","description":"B I J O U X","publisher":{"@id":"https:\/\/ademascarel.fr\/#organization"},"potentialAction":[{"@type":"SearchAction","target":{"@type":"EntryPoint","urlTemplate":"https:\/\/ademascarel.fr\/?s={search_term_string}"},"query-input":{"@type":"PropertyValueSpecification","valueRequired":true,"valueName":"search_term_string"}}],"inLanguage":"fr-FR"},{"@type":"Organization","@id":"https:\/\/ademascarel.fr\/#organization","name":"Anne de Mascarel","url":"https:\/\/ademascarel.fr\/","logo":{"@type":"ImageObject","inLanguage":"fr-FR","@id":"https:\/\/ademascarel.fr\/#\/schema\/logo\/image\/","url":"http:\/\/ademascarel.fr\/wp-content\/uploads\/2021\/02\/cropped-Screenshot-2021-02-01-at-19.09.26.png","contentUrl":"http:\/\/ademascarel.fr\/wp-content\/uploads\/2021\/02\/cropped-Screenshot-2021-02-01-at-19.09.26.png","width":512,"height":512,"caption":"Anne de Mascarel"},"image":{"@id":"https:\/\/ademascarel.fr\/#\/schema\/logo\/image\/"},"sameAs":["https:\/\/www.facebook.com\/ademascarel\/","https:\/\/www.instagram.com\/ademascarel\/"]}]}</script>
<!-- / Yoast SEO plugin. -->

Collier ras du cou composé de perles plates ovales en nacre teintée, de petits cubes en lapis lazuli et petites perles en verre de bohème à facettes, coloris cuivre.  Fermoir mousqueton métal cuivré  Perle ovale 25 x 18 mm  - Cube lapis lazuli 5 x 5 mm
