{"id":6554,"date":"2024-02-28T14:52:47","date_gmt":"2024-02-28T14:52:47","guid":{"rendered":"http:\/\/ademascarel.fr\/?post_type=product&#038;p=6554"},"modified":"2025-09-04T16:14:10","modified_gmt":"2025-09-04T16:14:10","slug":"2475-bo-unique","status":"publish","type":"product","link":"https:\/\/ademascarel.fr\/index.php\/product\/2475-bo-unique\/","title":{"rendered":"BO &#8211; Unique &#8211; Jazz \/ Tatum"},"content":{"rendered":"","protected":false},"excerpt":{"rendered":"<p>Longue boucle d&rsquo;oreille unique, d&rsquo;esprit Art D\u00e9co. Compos\u00e9 de 3 anneaux g\u00e9om\u00e9triques en nacre blanche, d&rsquo;une perle baguette en p\u00e2te de verre et d&rsquo;une perle ronde en aventurine.<\/p>\n<p>Rectangles 3 x 3 cm et 3 x 2 cm &#8211; diam\u00e8tre perle ronde 1 cm<\/p>\n<p>Fermoir dormeuse en argent.<\/p>\n<p>Hauteur 14 cm<\/p>\n","protected":false},"featured_media":7498,"template":"","meta":[],"product_brand":[],"product_cat":[663,680],"product_tag":[693,686],"class_list":{"0":"post-6554","1":"product","2":"type-product","3":"status-publish","4":"has-post-thumbnail","6":"product_cat-boucles-doreille","7":"product_cat-jazz","8":"product_tag-boucle-doreilles","9":"product_tag-femme","11":"first","12":"instock","13":"shipping-taxable","14":"purchasable","15":"product-type-simple"},"yoast_head":"<!-- This site is optimized with the Yoast SEO plugin v27.4 - https:\/\/yoast.com\/product\/yoast-seo-wordpress\/ -->\n<title>BO - Unique - Jazz \/ Tatum &#8211; Anne de Mascarel<\/title>\n<meta name=\"robots\" content=\"index, follow, max-snippet:-1, max-image-preview:large, max-video-preview:-1\" \/>\n<link rel=\"canonical\" href=\"https:\/\/ademascarel.fr\/index.php\/product\/2475-bo-unique\/\" \/>\n<meta property=\"og:locale\" content=\"fr_FR\" \/>\n<meta property=\"og:type\" content=\"article\" \/>\n<meta property=\"og:title\" content=\"BO - Unique - Jazz \/ Tatum &#8211; Anne de Mascarel\" \/>\n<meta property=\"og:description\" content=\"Longue boucle d&#039;oreille unique, d&#039;esprit Art D\u00e9co. Compos\u00e9 de 3 anneaux g\u00e9om\u00e9triques en nacre blanche, d&#039;une perle baguette en p\u00e2te de verre et d&#039;une perle ronde en aventurine.  Rectangles 3 x 3 cm et 3 x 2 cm - diam\u00e8tre perle ronde 1 cm  Fermoir dormeuse en argent.  Hauteur 14 cm\" \/>\n<meta property=\"og:url\" content=\"https:\/\/ademascarel.fr\/index.php\/product\/2475-bo-unique\/\" \/>\n<meta property=\"og:site_name\" content=\"Anne de Mascarel\" \/>\n<meta property=\"article:publisher\" content=\"https:\/\/www.facebook.com\/ademascarel\/\" \/>\n<meta property=\"article:modified_time\" content=\"2025-09-04T16:14:10+00:00\" \/>\n<meta property=\"og:image\" content=\"https:\/\/ademascarel.fr\/wp-content\/uploads\/2025\/06\/20250531_164040-e1756748378968.jpg\" \/>\n\t<meta property=\"og:image:width\" content=\"1274\" \/>\n\t<meta property=\"og:image:height\" content=\"2057\" \/>\n\t<meta property=\"og:image:type\" content=\"image\/jpeg\" \/>\n<meta name=\"twitter:card\" content=\"summary_large_image\" \/>\n<meta name=\"twitter:label1\" content=\"Dur\u00e9e de lecture estim\u00e9e\" \/>\n\t<meta name=\"twitter:data1\" content=\"1 minute\" \/>\n<script type=\"application\/ld+json\" class=\"yoast-schema-graph\">{\"@context\":\"https:\\\/\\\/schema.org\",\"@graph\":[{\"@type\":\"WebPage\",\"@id\":\"https:\\\/\\\/ademascarel.fr\\\/index.php\\\/product\\\/2475-bo-unique\\\/\",\"url\":\"https:\\\/\\\/ademascarel.fr\\\/index.php\\\/product\\\/2475-bo-unique\\\/\",\"name\":\"BO - Unique - Jazz \\\/ Tatum &#8211; Anne de Mascarel\",\"isPartOf\":{\"@id\":\"https:\\\/\\\/ademascarel.fr\\\/#website\"},\"primaryImageOfPage\":{\"@id\":\"https:\\\/\\\/ademascarel.fr\\\/index.php\\\/product\\\/2475-bo-unique\\\/#primaryimage\"},\"image\":{\"@id\":\"https:\\\/\\\/ademascarel.fr\\\/index.php\\\/product\\\/2475-bo-unique\\\/#primaryimage\"},\"thumbnailUrl\":\"https:\\\/\\\/ademascarel.fr\\\/wp-content\\\/uploads\\\/2025\\\/06\\\/20250531_164040-e1756748378968.jpg\",\"datePublished\":\"2024-02-28T14:52:47+00:00\",\"dateModified\":\"2025-09-04T16:14:10+00:00\",\"breadcrumb\":{\"@id\":\"https:\\\/\\\/ademascarel.fr\\\/index.php\\\/product\\\/2475-bo-unique\\\/#breadcrumb\"},\"inLanguage\":\"fr-FR\",\"potentialAction\":[{\"@type\":\"ReadAction\",\"target\":[\"https:\\\/\\\/ademascarel.fr\\\/index.php\\\/product\\\/2475-bo-unique\\\/\"]}]},{\"@type\":\"ImageObject\",\"inLanguage\":\"fr-FR\",\"@id\":\"https:\\\/\\\/ademascarel.fr\\\/index.php\\\/product\\\/2475-bo-unique\\\/#primaryimage\",\"url\":\"https:\\\/\\\/ademascarel.fr\\\/wp-content\\\/uploads\\\/2025\\\/06\\\/20250531_164040-e1756748378968.jpg\",\"contentUrl\":\"https:\\\/\\\/ademascarel.fr\\\/wp-content\\\/uploads\\\/2025\\\/06\\\/20250531_164040-e1756748378968.jpg\",\"width\":1274,\"height\":2057},{\"@type\":\"BreadcrumbList\",\"@id\":\"https:\\\/\\\/ademascarel.fr\\\/index.php\\\/product\\\/2475-bo-unique\\\/#breadcrumb\",\"itemListElement\":[{\"@type\":\"ListItem\",\"position\":1,\"name\":\"Accueil\",\"item\":\"https:\\\/\\\/ademascarel.fr\\\/\"},{\"@type\":\"ListItem\",\"position\":2,\"name\":\"Shop\",\"item\":\"https:\\\/\\\/ademascarel.fr\\\/index.php\\\/shop-tout\\\/\"},{\"@type\":\"ListItem\",\"position\":3,\"name\":\"BO &#8211; Unique &#8211; Jazz \\\/ Tatum\"}]},{\"@type\":\"WebSite\",\"@id\":\"https:\\\/\\\/ademascarel.fr\\\/#website\",\"url\":\"https:\\\/\\\/ademascarel.fr\\\/\",\"name\":\"Anne-de-Mascarel\",\"description\":\"B I J O U X\",\"publisher\":{\"@id\":\"https:\\\/\\\/ademascarel.fr\\\/#organization\"},\"potentialAction\":[{\"@type\":\"SearchAction\",\"target\":{\"@type\":\"EntryPoint\",\"urlTemplate\":\"https:\\\/\\\/ademascarel.fr\\\/?s={search_term_string}\"},\"query-input\":{\"@type\":\"PropertyValueSpecification\",\"valueRequired\":true,\"valueName\":\"search_term_string\"}}],\"inLanguage\":\"fr-FR\"},{\"@type\":\"Organization\",\"@id\":\"https:\\\/\\\/ademascarel.fr\\\/#organization\",\"name\":\"Anne de Mascarel\",\"url\":\"https:\\\/\\\/ademascarel.fr\\\/\",\"logo\":{\"@type\":\"ImageObject\",\"inLanguage\":\"fr-FR\",\"@id\":\"https:\\\/\\\/ademascarel.fr\\\/#\\\/schema\\\/logo\\\/image\\\/\",\"url\":\"http:\\\/\\\/ademascarel.fr\\\/wp-content\\\/uploads\\\/2021\\\/02\\\/cropped-Screenshot-2021-02-01-at-19.09.26.png\",\"contentUrl\":\"http:\\\/\\\/ademascarel.fr\\\/wp-content\\\/uploads\\\/2021\\\/02\\\/cropped-Screenshot-2021-02-01-at-19.09.26.png\",\"width\":512,\"height\":512,\"caption\":\"Anne de Mascarel\"},\"image\":{\"@id\":\"https:\\\/\\\/ademascarel.fr\\\/#\\\/schema\\\/logo\\\/image\\\/\"},\"sameAs\":[\"https:\\\/\\\/www.facebook.com\\\/ademascarel\\\/\",\"https:\\\/\\\/www.instagram.com\\\/ademascarel\\\/\"]}]}<\/script>\n<!-- \/ Yoast SEO plugin. -->","yoast_head_json":{"title":"BO - Unique - Jazz \/ Tatum &#8211; Anne de Mascarel","robots":{"index":"index","follow":"follow","max-snippet":"max-snippet:-1","max-image-preview":"max-image-preview:large","max-video-preview":"max-video-preview:-1"},"canonical":"https:\/\/ademascarel.fr\/index.php\/product\/2475-bo-unique\/","og_locale":"fr_FR","og_type":"article","og_title":"BO - Unique - Jazz \/ Tatum &#8211; Anne de Mascarel","og_description":"Longue boucle d'oreille unique, d'esprit Art D\u00e9co. Compos\u00e9 de 3 anneaux g\u00e9om\u00e9triques en nacre blanche, d'une perle baguette en p\u00e2te de verre et d'une perle ronde en aventurine.  Rectangles 3 x 3 cm et 3 x 2 cm - diam\u00e8tre perle ronde 1 cm  Fermoir dormeuse en argent.  Hauteur 14 cm","og_url":"https:\/\/ademascarel.fr\/index.php\/product\/2475-bo-unique\/","og_site_name":"Anne de Mascarel","article_publisher":"https:\/\/www.facebook.com\/ademascarel\/","article_modified_time":"2025-09-04T16:14:10+00:00","og_image":[{"width":1274,"height":2057,"url":"https:\/\/ademascarel.fr\/wp-content\/uploads\/2025\/06\/20250531_164040-e1756748378968.jpg","type":"image\/jpeg"}],"twitter_card":"summary_large_image","twitter_misc":{"Dur\u00e9e de lecture estim\u00e9e":"1 minute"},"schema":{"@context":"https:\/\/schema.org","@graph":[{"@type":"WebPage","@id":"https:\/\/ademascarel.fr\/index.php\/product\/2475-bo-unique\/","url":"https:\/\/ademascarel.fr\/index.php\/product\/2475-bo-unique\/","name":"BO - Unique - Jazz \/ Tatum &#8211; Anne de Mascarel","isPartOf":{"@id":"https:\/\/ademascarel.fr\/#website"},"primaryImageOfPage":{"@id":"https:\/\/ademascarel.fr\/index.php\/product\/2475-bo-unique\/#primaryimage"},"image":{"@id":"https:\/\/ademascarel.fr\/index.php\/product\/2475-bo-unique\/#primaryimage"},"thumbnailUrl":"https:\/\/ademascarel.fr\/wp-content\/uploads\/2025\/06\/20250531_164040-e1756748378968.jpg","datePublished":"2024-02-28T14:52:47+00:00","dateModified":"2025-09-04T16:14:10+00:00","breadcrumb":{"@id":"https:\/\/ademascarel.fr\/index.php\/product\/2475-bo-unique\/#breadcrumb"},"inLanguage":"fr-FR","potentialAction":[{"@type":"ReadAction","target":["https:\/\/ademascarel.fr\/index.php\/product\/2475-bo-unique\/"]}]},{"@type":"ImageObject","inLanguage":"fr-FR","@id":"https:\/\/ademascarel.fr\/index.php\/product\/2475-bo-unique\/#primaryimage","url":"https:\/\/ademascarel.fr\/wp-content\/uploads\/2025\/06\/20250531_164040-e1756748378968.jpg","contentUrl":"https:\/\/ademascarel.fr\/wp-content\/uploads\/2025\/06\/20250531_164040-e1756748378968.jpg","width":1274,"height":2057},{"@type":"BreadcrumbList","@id":"https:\/\/ademascarel.fr\/index.php\/product\/2475-bo-unique\/#breadcrumb","itemListElement":[{"@type":"ListItem","position":1,"name":"Accueil","item":"https:\/\/ademascarel.fr\/"},{"@type":"ListItem","position":2,"name":"Shop","item":"https:\/\/ademascarel.fr\/index.php\/shop-tout\/"},{"@type":"ListItem","position":3,"name":"BO &#8211; Unique &#8211; Jazz \/ Tatum"}]},{"@type":"WebSite","@id":"https:\/\/ademascarel.fr\/#website","url":"https:\/\/ademascarel.fr\/","name":"Anne-de-Mascarel","description":"B I J O U X","publisher":{"@id":"https:\/\/ademascarel.fr\/#organization"},"potentialAction":[{"@type":"SearchAction","target":{"@type":"EntryPoint","urlTemplate":"https:\/\/ademascarel.fr\/?s={search_term_string}"},"query-input":{"@type":"PropertyValueSpecification","valueRequired":true,"valueName":"search_term_string"}}],"inLanguage":"fr-FR"},{"@type":"Organization","@id":"https:\/\/ademascarel.fr\/#organization","name":"Anne de Mascarel","url":"https:\/\/ademascarel.fr\/","logo":{"@type":"ImageObject","inLanguage":"fr-FR","@id":"https:\/\/ademascarel.fr\/#\/schema\/logo\/image\/","url":"http:\/\/ademascarel.fr\/wp-content\/uploads\/2021\/02\/cropped-Screenshot-2021-02-01-at-19.09.26.png","contentUrl":"http:\/\/ademascarel.fr\/wp-content\/uploads\/2021\/02\/cropped-Screenshot-2021-02-01-at-19.09.26.png","width":512,"height":512,"caption":"Anne de Mascarel"},"image":{"@id":"https:\/\/ademascarel.fr\/#\/schema\/logo\/image\/"},"sameAs":["https:\/\/www.facebook.com\/ademascarel\/","https:\/\/www.instagram.com\/ademascarel\/"]}]}},"_links":{"self":[{"href":"https:\/\/ademascarel.fr\/index.php\/wp-json\/wp\/v2\/product\/6554","targetHints":{"allow":["GET"]}}],"collection":[{"href":"https:\/\/ademascarel.fr\/index.php\/wp-json\/wp\/v2\/product"}],"about":[{"href":"https:\/\/ademascarel.fr\/index.php\/wp-json\/wp\/v2\/types\/product"}],"wp:featuredmedia":[{"embeddable":true,"href":"https:\/\/ademascarel.fr\/index.php\/wp-json\/wp\/v2\/media\/7498"}],"wp:attachment":[{"href":"https:\/\/ademascarel.fr\/index.php\/wp-json\/wp\/v2\/media?parent=6554"}],"wp:term":[{"taxonomy":"product_brand","embeddable":true,"href":"https:\/\/ademascarel.fr\/index.php\/wp-json\/wp\/v2\/product_brand?post=6554"},{"taxonomy":"product_cat","embeddable":true,"href":"https:\/\/ademascarel.fr\/index.php\/wp-json\/wp\/v2\/product_cat?post=6554"},{"taxonomy":"product_tag","embeddable":true,"href":"https:\/\/ademascarel.fr\/index.php\/wp-json\/wp\/v2\/product_tag?post=6554"}],"curies":[{"name":"wp","href":"https:\/\/api.w.org\/{rel}","templated":true}]}}

<p>Longue boucle d&rsquo;oreille unique, d&rsquo;esprit Art Déco. Composé de 3 anneaux géométriques en nacre blanche, d&rsquo;une perle baguette en pâte de verre et d&rsquo;une perle ronde en aventurine.</p>
<p>Rectangles 3 x 3 cm et 3 x 2 cm &#8211; diamètre perle ronde 1 cm</p>
<p>Fermoir dormeuse en argent.</p>
<p>Hauteur 14 cm</p>

<!-- This site is optimized with the Yoast SEO plugin v27.4 - https://yoast.com/product/yoast-seo-wordpress/ -->
<title>BO - Unique - Jazz / Tatum &#8211; Anne de Mascarel</title>
<meta name="robots" content="index, follow, max-snippet:-1, max-image-preview:large, max-video-preview:-1" />
<link rel="canonical" href="https://ademascarel.fr/index.php/product/2475-bo-unique/" />
<meta property="og:locale" content="fr_FR" />
<meta property="og:type" content="article" />
<meta property="og:title" content="BO - Unique - Jazz / Tatum &#8211; Anne de Mascarel" />
<meta property="og:description" content="Longue boucle d&#039;oreille unique, d&#039;esprit Art Déco. Composé de 3 anneaux géométriques en nacre blanche, d&#039;une perle baguette en pâte de verre et d&#039;une perle ronde en aventurine.  Rectangles 3 x 3 cm et 3 x 2 cm - diamètre perle ronde 1 cm  Fermoir dormeuse en argent.  Hauteur 14 cm" />
<meta property="og:url" content="https://ademascarel.fr/index.php/product/2475-bo-unique/" />
<meta property="og:site_name" content="Anne de Mascarel" />
<meta property="article:publisher" content="https://www.facebook.com/ademascarel/" />
<meta property="article:modified_time" content="2025-09-04T16:14:10+00:00" />
<meta property="og:image" content="https://ademascarel.fr/wp-content/uploads/2025/06/20250531_164040-e1756748378968.jpg" />
	<meta property="og:image:width" content="1274" />
	<meta property="og:image:height" content="2057" />
	<meta property="og:image:type" content="image/jpeg" />
<meta name="twitter:card" content="summary_large_image" />
<meta name="twitter:label1" content="Durée de lecture estimée" />
	<meta name="twitter:data1" content="1 minute" />
<script type="application/ld+json" class="yoast-schema-graph">{"@context":"https:\/\/schema.org","@graph":[{"@type":"WebPage","@id":"https:\/\/ademascarel.fr\/index.php\/product\/2475-bo-unique\/","url":"https:\/\/ademascarel.fr\/index.php\/product\/2475-bo-unique\/","name":"BO - Unique - Jazz \/ Tatum &#8211; Anne de Mascarel","isPartOf":{"@id":"https:\/\/ademascarel.fr\/#website"},"primaryImageOfPage":{"@id":"https:\/\/ademascarel.fr\/index.php\/product\/2475-bo-unique\/#primaryimage"},"image":{"@id":"https:\/\/ademascarel.fr\/index.php\/product\/2475-bo-unique\/#primaryimage"},"thumbnailUrl":"https:\/\/ademascarel.fr\/wp-content\/uploads\/2025\/06\/20250531_164040-e1756748378968.jpg","datePublished":"2024-02-28T14:52:47+00:00","dateModified":"2025-09-04T16:14:10+00:00","breadcrumb":{"@id":"https:\/\/ademascarel.fr\/index.php\/product\/2475-bo-unique\/#breadcrumb"},"inLanguage":"fr-FR","potentialAction":[{"@type":"ReadAction","target":["https:\/\/ademascarel.fr\/index.php\/product\/2475-bo-unique\/"]}]},{"@type":"ImageObject","inLanguage":"fr-FR","@id":"https:\/\/ademascarel.fr\/index.php\/product\/2475-bo-unique\/#primaryimage","url":"https:\/\/ademascarel.fr\/wp-content\/uploads\/2025\/06\/20250531_164040-e1756748378968.jpg","contentUrl":"https:\/\/ademascarel.fr\/wp-content\/uploads\/2025\/06\/20250531_164040-e1756748378968.jpg","width":1274,"height":2057},{"@type":"BreadcrumbList","@id":"https:\/\/ademascarel.fr\/index.php\/product\/2475-bo-unique\/#breadcrumb","itemListElement":[{"@type":"ListItem","position":1,"name":"Accueil","item":"https:\/\/ademascarel.fr\/"},{"@type":"ListItem","position":2,"name":"Shop","item":"https:\/\/ademascarel.fr\/index.php\/shop-tout\/"},{"@type":"ListItem","position":3,"name":"BO &#8211; Unique &#8211; Jazz \/ Tatum"}]},{"@type":"WebSite","@id":"https:\/\/ademascarel.fr\/#website","url":"https:\/\/ademascarel.fr\/","name":"Anne-de-Mascarel","description":"B I J O U X","publisher":{"@id":"https:\/\/ademascarel.fr\/#organization"},"potentialAction":[{"@type":"SearchAction","target":{"@type":"EntryPoint","urlTemplate":"https:\/\/ademascarel.fr\/?s={search_term_string}"},"query-input":{"@type":"PropertyValueSpecification","valueRequired":true,"valueName":"search_term_string"}}],"inLanguage":"fr-FR"},{"@type":"Organization","@id":"https:\/\/ademascarel.fr\/#organization","name":"Anne de Mascarel","url":"https:\/\/ademascarel.fr\/","logo":{"@type":"ImageObject","inLanguage":"fr-FR","@id":"https:\/\/ademascarel.fr\/#\/schema\/logo\/image\/","url":"http:\/\/ademascarel.fr\/wp-content\/uploads\/2021\/02\/cropped-Screenshot-2021-02-01-at-19.09.26.png","contentUrl":"http:\/\/ademascarel.fr\/wp-content\/uploads\/2021\/02\/cropped-Screenshot-2021-02-01-at-19.09.26.png","width":512,"height":512,"caption":"Anne de Mascarel"},"image":{"@id":"https:\/\/ademascarel.fr\/#\/schema\/logo\/image\/"},"sameAs":["https:\/\/www.facebook.com\/ademascarel\/","https:\/\/www.instagram.com\/ademascarel\/"]}]}</script>
<!-- / Yoast SEO plugin. -->

Longue boucle d'oreille unique, d'esprit Art Déco. Composé de 3 anneaux géométriques en nacre blanche, d'une perle baguette en pâte de verre et d'une perle ronde en aventurine.  Rectangles 3 x 3 cm et 3 x 2 cm - diamètre perle ronde 1 cm  Fermoir dormeuse en argent.  Hauteur 14 cm
