{"id":2,"date":"2021-01-08T14:21:52","date_gmt":"2021-01-08T14:21:52","guid":{"rendered":"http:\/\/ademascarel.fr\/?page_id=2"},"modified":"2021-03-17T18:19:35","modified_gmt":"2021-03-17T18:19:35","slug":"sample-page","status":"publish","type":"page","link":"https:\/\/ademascarel.fr\/index.php\/sample-page\/","title":{"rendered":"Commandes sp\u00e9ciales"},"content":{"rendered":"\n<p><\/p>\n\n\n\n<p><\/p>\n\n\n\n<p><\/p>\n\n\n\n<h1 class=\"alignfull has-text-align-center has-luminous-vivid-amber-color has-text-color wp-block-heading\"><strong>Des bijoux aussi uniques que vous<\/strong><\/h1>\n\n\n\n<p class=\"has-text-align-center\" style=\"font-size:32px\"><strong>Notre exp\u00e9rience de conception vous aide \u00e0 faire une d\u00e9claration personnelle que les bijoux produits en s\u00e9rie ne peuvent pas.<\/strong><\/p>\n\n\n\n<p><\/p>\n\n\n\n<p><\/p>\n\n\n\n<p class=\"has-text-align-center has-luminous-vivid-amber-color has-text-color has-large-font-size\"><em><strong>L&rsquo;exp\u00e9rience personnalis\u00e9e<\/strong><\/em><\/p>\n\n\n\n<p><\/p>\n\n\n\n<h3 class=\"wp-block-heading\">1\/EN PARLER<\/h3>\n\n\n\n<p>Discutez des id\u00e9es de conception, des options, du budget avec votre consultant en bijoux &#8211; votre guide de l&rsquo;exp\u00e9rience personnalis\u00e9e.<\/p>\n\n\n\n<h3 class=\"wp-block-heading\">2\/FAITES-LE CONCEVOIR<\/h3>\n\n\n\n<p>D\u00e9couvrez des croquis et des concept art con\u00e7us sp\u00e9cialement pour vous.<\/p>\n\n\n\n<h3 class=\"wp-block-heading\">3\/VOYEZ-LE PRENDRE VIE<\/h3>\n\n\n\n<p>Visualisez votre pi\u00e8ce avec des rendus. Nous ajusterons chaque d\u00e9tail jusqu&rsquo;\u00e0 ce que vous nous disiez qu&rsquo;il est parfait.<\/p>\n\n\n\n<h3 class=\"wp-block-heading\">4\/CH\u00c9RISSEZ-LE<\/h3>\n\n\n\n<p>Recevez votre pi\u00e8ce personnalis\u00e9e, avec l&rsquo;assurance que le bijou a \u00e9t\u00e9 con\u00e7u \u00e0 votre go\u00fbt.<\/p>\n\n\n\n<p><\/p>\n\n\n\n<p><\/p>\n\n\n\n<p><\/p>\n\n\n\n<h3 class=\"has-text-align-center has-luminous-vivid-amber-color has-text-color wp-block-heading\">Service d\u00e9di\u00e9<\/h3>\n\n\n\n<p class=\"has-text-align-center\">Nous vous aidons \u00e0 comprendre les d\u00e9tails, \u00e0 peser toutes les options et \u00e0 vous guider \u00e0 chaque \u00e9tape de la cr\u00e9ation d&rsquo;un bijou personnalis\u00e9.<\/p>\n\n\n\n<p><\/p>\n\n\n\n<p><\/p>\n\n\n\n<h3 class=\"has-text-align-center has-luminous-vivid-amber-color has-text-color wp-block-heading\">Design personnalis\u00e9<\/h3>\n\n\n\n<p class=\"has-text-align-center\">Nous peaufinerons les d\u00e9tails jusqu&rsquo;\u00e0 ce que vous disiez que c&rsquo;est parfait.<\/p>\n","protected":false},"excerpt":{"rendered":"<p>Des bijoux aussi uniques que vous Notre exp\u00e9rience de conception vous aide \u00e0 faire une d\u00e9claration personnelle que les bijoux\u2026<\/p>\n","protected":false},"author":1,"featured_media":0,"parent":0,"menu_order":0,"comment_status":"closed","ping_status":"open","template":"","meta":{"footnotes":""},"class_list":["post-2","page","type-page","status-publish","hentry"],"yoast_head":"<!-- This site is optimized with the Yoast SEO plugin v27.4 - https:\/\/yoast.com\/product\/yoast-seo-wordpress\/ -->\n<title>Commandes sp\u00e9ciales &#8211; Anne de Mascarel<\/title>\n<meta name=\"robots\" content=\"index, follow, max-snippet:-1, max-image-preview:large, max-video-preview:-1\" \/>\n<link rel=\"canonical\" href=\"https:\/\/ademascarel.fr\/index.php\/sample-page\/\" \/>\n<meta property=\"og:locale\" content=\"fr_FR\" \/>\n<meta property=\"og:type\" content=\"article\" \/>\n<meta property=\"og:title\" content=\"Commandes sp\u00e9ciales &#8211; Anne de Mascarel\" \/>\n<meta property=\"og:description\" content=\"Des bijoux aussi uniques que vous Notre exp\u00e9rience de conception vous aide \u00e0 faire une d\u00e9claration personnelle que les bijoux\u2026\" \/>\n<meta property=\"og:url\" content=\"https:\/\/ademascarel.fr\/index.php\/sample-page\/\" \/>\n<meta property=\"og:site_name\" content=\"Anne de Mascarel\" \/>\n<meta property=\"article:publisher\" content=\"https:\/\/www.facebook.com\/ademascarel\/\" \/>\n<meta property=\"article:modified_time\" content=\"2021-03-17T18:19:35+00:00\" \/>\n<meta name=\"twitter:card\" content=\"summary_large_image\" \/>\n<meta name=\"twitter:label1\" content=\"Dur\u00e9e de lecture estim\u00e9e\" \/>\n\t<meta name=\"twitter:data1\" content=\"1 minute\" \/>\n<script type=\"application\/ld+json\" class=\"yoast-schema-graph\">{\"@context\":\"https:\\\/\\\/schema.org\",\"@graph\":[{\"@type\":\"WebPage\",\"@id\":\"https:\\\/\\\/ademascarel.fr\\\/index.php\\\/sample-page\\\/\",\"url\":\"https:\\\/\\\/ademascarel.fr\\\/index.php\\\/sample-page\\\/\",\"name\":\"Commandes sp\u00e9ciales &#8211; Anne de Mascarel\",\"isPartOf\":{\"@id\":\"https:\\\/\\\/ademascarel.fr\\\/#website\"},\"datePublished\":\"2021-01-08T14:21:52+00:00\",\"dateModified\":\"2021-03-17T18:19:35+00:00\",\"breadcrumb\":{\"@id\":\"https:\\\/\\\/ademascarel.fr\\\/index.php\\\/sample-page\\\/#breadcrumb\"},\"inLanguage\":\"fr-FR\",\"potentialAction\":[{\"@type\":\"ReadAction\",\"target\":[\"https:\\\/\\\/ademascarel.fr\\\/index.php\\\/sample-page\\\/\"]}]},{\"@type\":\"BreadcrumbList\",\"@id\":\"https:\\\/\\\/ademascarel.fr\\\/index.php\\\/sample-page\\\/#breadcrumb\",\"itemListElement\":[{\"@type\":\"ListItem\",\"position\":1,\"name\":\"Accueil\",\"item\":\"https:\\\/\\\/ademascarel.fr\\\/\"},{\"@type\":\"ListItem\",\"position\":2,\"name\":\"Commandes sp\u00e9ciales\"}]},{\"@type\":\"WebSite\",\"@id\":\"https:\\\/\\\/ademascarel.fr\\\/#website\",\"url\":\"https:\\\/\\\/ademascarel.fr\\\/\",\"name\":\"Anne-de-Mascarel\",\"description\":\"B I J O U X\",\"publisher\":{\"@id\":\"https:\\\/\\\/ademascarel.fr\\\/#organization\"},\"potentialAction\":[{\"@type\":\"SearchAction\",\"target\":{\"@type\":\"EntryPoint\",\"urlTemplate\":\"https:\\\/\\\/ademascarel.fr\\\/?s={search_term_string}\"},\"query-input\":{\"@type\":\"PropertyValueSpecification\",\"valueRequired\":true,\"valueName\":\"search_term_string\"}}],\"inLanguage\":\"fr-FR\"},{\"@type\":\"Organization\",\"@id\":\"https:\\\/\\\/ademascarel.fr\\\/#organization\",\"name\":\"Anne de Mascarel\",\"url\":\"https:\\\/\\\/ademascarel.fr\\\/\",\"logo\":{\"@type\":\"ImageObject\",\"inLanguage\":\"fr-FR\",\"@id\":\"https:\\\/\\\/ademascarel.fr\\\/#\\\/schema\\\/logo\\\/image\\\/\",\"url\":\"http:\\\/\\\/ademascarel.fr\\\/wp-content\\\/uploads\\\/2021\\\/02\\\/cropped-Screenshot-2021-02-01-at-19.09.26.png\",\"contentUrl\":\"http:\\\/\\\/ademascarel.fr\\\/wp-content\\\/uploads\\\/2021\\\/02\\\/cropped-Screenshot-2021-02-01-at-19.09.26.png\",\"width\":512,\"height\":512,\"caption\":\"Anne de Mascarel\"},\"image\":{\"@id\":\"https:\\\/\\\/ademascarel.fr\\\/#\\\/schema\\\/logo\\\/image\\\/\"},\"sameAs\":[\"https:\\\/\\\/www.facebook.com\\\/ademascarel\\\/\",\"https:\\\/\\\/www.instagram.com\\\/ademascarel\\\/\"]}]}<\/script>\n<!-- \/ Yoast SEO plugin. -->","yoast_head_json":{"title":"Commandes sp\u00e9ciales &#8211; Anne de Mascarel","robots":{"index":"index","follow":"follow","max-snippet":"max-snippet:-1","max-image-preview":"max-image-preview:large","max-video-preview":"max-video-preview:-1"},"canonical":"https:\/\/ademascarel.fr\/index.php\/sample-page\/","og_locale":"fr_FR","og_type":"article","og_title":"Commandes sp\u00e9ciales &#8211; Anne de Mascarel","og_description":"Des bijoux aussi uniques que vous Notre exp\u00e9rience de conception vous aide \u00e0 faire une d\u00e9claration personnelle que les bijoux\u2026","og_url":"https:\/\/ademascarel.fr\/index.php\/sample-page\/","og_site_name":"Anne de Mascarel","article_publisher":"https:\/\/www.facebook.com\/ademascarel\/","article_modified_time":"2021-03-17T18:19:35+00:00","twitter_card":"summary_large_image","twitter_misc":{"Dur\u00e9e de lecture estim\u00e9e":"1 minute"},"schema":{"@context":"https:\/\/schema.org","@graph":[{"@type":"WebPage","@id":"https:\/\/ademascarel.fr\/index.php\/sample-page\/","url":"https:\/\/ademascarel.fr\/index.php\/sample-page\/","name":"Commandes sp\u00e9ciales &#8211; Anne de Mascarel","isPartOf":{"@id":"https:\/\/ademascarel.fr\/#website"},"datePublished":"2021-01-08T14:21:52+00:00","dateModified":"2021-03-17T18:19:35+00:00","breadcrumb":{"@id":"https:\/\/ademascarel.fr\/index.php\/sample-page\/#breadcrumb"},"inLanguage":"fr-FR","potentialAction":[{"@type":"ReadAction","target":["https:\/\/ademascarel.fr\/index.php\/sample-page\/"]}]},{"@type":"BreadcrumbList","@id":"https:\/\/ademascarel.fr\/index.php\/sample-page\/#breadcrumb","itemListElement":[{"@type":"ListItem","position":1,"name":"Accueil","item":"https:\/\/ademascarel.fr\/"},{"@type":"ListItem","position":2,"name":"Commandes sp\u00e9ciales"}]},{"@type":"WebSite","@id":"https:\/\/ademascarel.fr\/#website","url":"https:\/\/ademascarel.fr\/","name":"Anne-de-Mascarel","description":"B I J O U X","publisher":{"@id":"https:\/\/ademascarel.fr\/#organization"},"potentialAction":[{"@type":"SearchAction","target":{"@type":"EntryPoint","urlTemplate":"https:\/\/ademascarel.fr\/?s={search_term_string}"},"query-input":{"@type":"PropertyValueSpecification","valueRequired":true,"valueName":"search_term_string"}}],"inLanguage":"fr-FR"},{"@type":"Organization","@id":"https:\/\/ademascarel.fr\/#organization","name":"Anne de Mascarel","url":"https:\/\/ademascarel.fr\/","logo":{"@type":"ImageObject","inLanguage":"fr-FR","@id":"https:\/\/ademascarel.fr\/#\/schema\/logo\/image\/","url":"http:\/\/ademascarel.fr\/wp-content\/uploads\/2021\/02\/cropped-Screenshot-2021-02-01-at-19.09.26.png","contentUrl":"http:\/\/ademascarel.fr\/wp-content\/uploads\/2021\/02\/cropped-Screenshot-2021-02-01-at-19.09.26.png","width":512,"height":512,"caption":"Anne de Mascarel"},"image":{"@id":"https:\/\/ademascarel.fr\/#\/schema\/logo\/image\/"},"sameAs":["https:\/\/www.facebook.com\/ademascarel\/","https:\/\/www.instagram.com\/ademascarel\/"]}]}},"_links":{"self":[{"href":"https:\/\/ademascarel.fr\/index.php\/wp-json\/wp\/v2\/pages\/2","targetHints":{"allow":["GET"]}}],"collection":[{"href":"https:\/\/ademascarel.fr\/index.php\/wp-json\/wp\/v2\/pages"}],"about":[{"href":"https:\/\/ademascarel.fr\/index.php\/wp-json\/wp\/v2\/types\/page"}],"author":[{"embeddable":true,"href":"https:\/\/ademascarel.fr\/index.php\/wp-json\/wp\/v2\/users\/1"}],"replies":[{"embeddable":true,"href":"https:\/\/ademascarel.fr\/index.php\/wp-json\/wp\/v2\/comments?post=2"}],"version-history":[{"count":46,"href":"https:\/\/ademascarel.fr\/index.php\/wp-json\/wp\/v2\/pages\/2\/revisions"}],"predecessor-version":[{"id":4372,"href":"https:\/\/ademascarel.fr\/index.php\/wp-json\/wp\/v2\/pages\/2\/revisions\/4372"}],"wp:attachment":[{"href":"https:\/\/ademascarel.fr\/index.php\/wp-json\/wp\/v2\/media?parent=2"}],"curies":[{"name":"wp","href":"https:\/\/api.w.org\/{rel}","templated":true}]}}

Commandes spéciales

<p></p>



<p></p>



<p></p>



<h1 class="alignfull has-text-align-center has-luminous-vivid-amber-color has-text-color wp-block-heading"><strong>Des bijoux aussi uniques que vous</strong></h1>



<p class="has-text-align-center" style="font-size:32px"><strong>Notre expérience de conception vous aide à faire une déclaration personnelle que les bijoux produits en série ne peuvent pas.</strong></p>



<p></p>



<p></p>



<p class="has-text-align-center has-luminous-vivid-amber-color has-text-color has-large-font-size"><em><strong>L&rsquo;expérience personnalisée</strong></em></p>



<p></p>



<h3 class="wp-block-heading">1/EN PARLER</h3>



<p>Discutez des idées de conception, des options, du budget avec votre consultant en bijoux &#8211; votre guide de l&rsquo;expérience personnalisée.</p>



<h3 class="wp-block-heading">2/FAITES-LE CONCEVOIR</h3>



<p>Découvrez des croquis et des concept art conçus spécialement pour vous.</p>



<h3 class="wp-block-heading">3/VOYEZ-LE PRENDRE VIE</h3>



<p>Visualisez votre pièce avec des rendus. Nous ajusterons chaque détail jusqu&rsquo;à ce que vous nous disiez qu&rsquo;il est parfait.</p>



<h3 class="wp-block-heading">4/CHÉRISSEZ-LE</h3>



<p>Recevez votre pièce personnalisée, avec l&rsquo;assurance que le bijou a été conçu à votre goût.</p>



<p></p>



<p></p>



<p></p>



<h3 class="has-text-align-center has-luminous-vivid-amber-color has-text-color wp-block-heading">Service dédié</h3>



<p class="has-text-align-center">Nous vous aidons à comprendre les détails, à peser toutes les options et à vous guider à chaque étape de la création d&rsquo;un bijou personnalisé.</p>



<p></p>



<p></p>



<h3 class="has-text-align-center has-luminous-vivid-amber-color has-text-color wp-block-heading">Design personnalisé</h3>



<p class="has-text-align-center">Nous peaufinerons les détails jusqu&rsquo;à ce que vous disiez que c&rsquo;est parfait.</p>

<p>Des bijoux aussi uniques que vous Notre expérience de conception vous aide à faire une déclaration personnelle que les bijoux…</p>

<!-- This site is optimized with the Yoast SEO plugin v27.4 - https://yoast.com/product/yoast-seo-wordpress/ -->
<title>Commandes spéciales &#8211; Anne de Mascarel</title>
<meta name="robots" content="index, follow, max-snippet:-1, max-image-preview:large, max-video-preview:-1" />
<link rel="canonical" href="https://ademascarel.fr/index.php/sample-page/" />
<meta property="og:locale" content="fr_FR" />
<meta property="og:type" content="article" />
<meta property="og:title" content="Commandes spéciales &#8211; Anne de Mascarel" />
<meta property="og:description" content="Des bijoux aussi uniques que vous Notre expérience de conception vous aide à faire une déclaration personnelle que les bijoux…" />
<meta property="og:url" content="https://ademascarel.fr/index.php/sample-page/" />
<meta property="og:site_name" content="Anne de Mascarel" />
<meta property="article:publisher" content="https://www.facebook.com/ademascarel/" />
<meta property="article:modified_time" content="2021-03-17T18:19:35+00:00" />
<meta name="twitter:card" content="summary_large_image" />
<meta name="twitter:label1" content="Durée de lecture estimée" />
	<meta name="twitter:data1" content="1 minute" />
<script type="application/ld+json" class="yoast-schema-graph">{"@context":"https:\/\/schema.org","@graph":[{"@type":"WebPage","@id":"https:\/\/ademascarel.fr\/index.php\/sample-page\/","url":"https:\/\/ademascarel.fr\/index.php\/sample-page\/","name":"Commandes spéciales &#8211; Anne de Mascarel","isPartOf":{"@id":"https:\/\/ademascarel.fr\/#website"},"datePublished":"2021-01-08T14:21:52+00:00","dateModified":"2021-03-17T18:19:35+00:00","breadcrumb":{"@id":"https:\/\/ademascarel.fr\/index.php\/sample-page\/#breadcrumb"},"inLanguage":"fr-FR","potentialAction":[{"@type":"ReadAction","target":["https:\/\/ademascarel.fr\/index.php\/sample-page\/"]}]},{"@type":"BreadcrumbList","@id":"https:\/\/ademascarel.fr\/index.php\/sample-page\/#breadcrumb","itemListElement":[{"@type":"ListItem","position":1,"name":"Accueil","item":"https:\/\/ademascarel.fr\/"},{"@type":"ListItem","position":2,"name":"Commandes spéciales"}]},{"@type":"WebSite","@id":"https:\/\/ademascarel.fr\/#website","url":"https:\/\/ademascarel.fr\/","name":"Anne-de-Mascarel","description":"B I J O U X","publisher":{"@id":"https:\/\/ademascarel.fr\/#organization"},"potentialAction":[{"@type":"SearchAction","target":{"@type":"EntryPoint","urlTemplate":"https:\/\/ademascarel.fr\/?s={search_term_string}"},"query-input":{"@type":"PropertyValueSpecification","valueRequired":true,"valueName":"search_term_string"}}],"inLanguage":"fr-FR"},{"@type":"Organization","@id":"https:\/\/ademascarel.fr\/#organization","name":"Anne de Mascarel","url":"https:\/\/ademascarel.fr\/","logo":{"@type":"ImageObject","inLanguage":"fr-FR","@id":"https:\/\/ademascarel.fr\/#\/schema\/logo\/image\/","url":"http:\/\/ademascarel.fr\/wp-content\/uploads\/2021\/02\/cropped-Screenshot-2021-02-01-at-19.09.26.png","contentUrl":"http:\/\/ademascarel.fr\/wp-content\/uploads\/2021\/02\/cropped-Screenshot-2021-02-01-at-19.09.26.png","width":512,"height":512,"caption":"Anne de Mascarel"},"image":{"@id":"https:\/\/ademascarel.fr\/#\/schema\/logo\/image\/"},"sameAs":["https:\/\/www.facebook.com\/ademascarel\/","https:\/\/www.instagram.com\/ademascarel\/"]}]}</script>
<!-- / Yoast SEO plugin. -->

Commandes spéciales &#8211; Anne de Mascarel

Des bijoux aussi uniques que vous Notre expérience de conception vous aide à faire une déclaration personnelle que les bijoux…
